9). Let l = k + u. Calculate the greatest common divisor of l and 65.
13
Let b = -328 + 478. Let g = -40 + b. Suppose 3*v = -14 + g. What is the highest common divisor of 128 and v?
32
Suppose -3*k - 5*u + 6649 = 0, 20*k - 2215 = 19*k - 2*u. Calculate the greatest common divisor of 3249 and k.
171
Let t(y) = -y**2 + 11*y + 38. Let i = 57 - 48. Suppose -b + 4 = -i. Let g be t(b). Calculate the greatest common factor of g and 42.
6
Suppose 0 = 5*y - 4*h - 20, 4*y + 2 = h + 7. Suppose y = -4*k - 2*l + 170, -3*k + 50 + 80 = 4*l. Calculate the greatest common factor of 168 and k.
42
Suppose -377*f + 381*f + 27 = 3*g, 5*f + 27 = 3*g. Let m = 12 - -24. What is the greatest common factor of m and g?
9
Let z(a) = -84*a**3 - 3*a**2 - 2*a. Let d be z(-1). Let o be 0 - (-190)/12 - d/(-498). Let i be (4/3 - 0)*3. Calculate the greatest common divisor of o and i.
4
Let t be 18/216*21 + (-9922)/(-8). What is the greatest common divisor of t and 108?
54
Let v(j) = 2*j**3 - 100*j**2 + 53*j + 26. Let z be v(50). Calculate the highest common divisor of 12 and z.
12
Let s be 16/6*-1*-93. Suppose -732 = -2*m - u, 5*m + 0*u - 1830 = u. Suppose 14*h - 68 = m. Calculate the highest common factor of s and h.
31
Let m(x) = x**3 - 105*x**2 + 417*x + 536. Let i be m(101). Calculate the highest common divisor of i and 387.
43
Suppose -4*y = -3*a + 38, 113*y = 117*y + 8. What is the greatest common factor of 890 and a?
10
Suppose -3*m + 4*t = -361, 3*m - 3*t - 117 = 2*m. Let k be 15*(-7 + m/9). What is the greatest common factor of 40 and k?
20
Suppose 5*u - 15 = 0, 4*u = -4*y + 492 + 600. Let v = 276 - y. What is the highest common divisor of 26 and v?
2
Let q be 1 + 3/1 + -1. Suppose 4*n - 3*t = 41, -78*t + 79*t = n - 11. What is the greatest common factor of n and q?
1
Suppose -2*w = -4*h + 122, -w = 4*h + w - 118. Suppose 34*p - 1186 + h = 0. Calculate the highest common divisor of p and 170.
34
Let w be (-6)/(-9) - (-14 - 58830/18). What is the greatest common divisor of w and 7?
7
Let g(m) = -30*m - 72. Let v be 5 - -5 - 4 - 16. Let r be g(v). Calculate the greatest common divisor of r and 48.
12
Let o = -7782 - -7874. Calculate the greatest common factor of o and 3082.
46
Suppose a = -5*c + 197386, a = -11*c + 8*c + 118434. Calculate the greatest common divisor of c and 71.
71
Suppose 34*q - 40*q = -54. Let u be 1*(-3 + q)/((-1)/(-3)). Calculate the greatest common divisor of u and 216.
18
Let w(i) = 366*i - 1347. Let m be w(4). Calculate the greatest common factor of m and 2301.
39
Suppose -51*j - 295 = -56*j. Suppose 0 = -5*q + j + 26. What is the greatest common divisor of q and 357?
17
Suppose 109*c - 325 = 96*c. Let y be 1/(-4) + 27/12. Suppose -3*a + y*d + 95 = 0, -58 = -3*a - d + c. Calculate the greatest common factor of a and 87.
29
Let p = -77 + 107. Suppose p*s - 320 = 14*s. What is the highest common factor of 380 and s?
20
Let d be ((-4380)/(-150) - 25)/((-6)/(-40)). What is the greatest common factor of d and 14672?
28
Suppose 36*y - 37*y = -63. Let s = 81 - y. What is the greatest common factor of s and 45?
9
Suppose 3*w = r - 281 + 95, -3*r = -w - 606. What is the highest common factor of r and 66?
6
Suppose -5*l + 503 = -a, a + 4037 = 4*l + 3634. What is the highest common divisor of 160 and l?
20
Suppose -4*j + 2*o = 50, -5*j - 4*o - 4 = 26. Let l be (3 - 29/5)/(j/25). Suppose 6 = l*n - 106. What is the greatest common factor of n and 16?
16
Let d = 28 - 21. Suppose -4*n = d - 19. Let q be 696/16*2/n. Calculate the greatest common factor of 116 and q.
29
Suppose 0 = -3*p + 55*a - 54*a + 196, 2*a - 184 = -3*p. Calculate the greatest common factor of p and 8192.
64
Let w = 3677 + 4453. Calculate the greatest common factor of w and 30.
30
Let a = -29 - -45. Suppose 1 + 143 = 8*t. Let v be 2/t - ((-980)/(-36))/(-7). What is the greatest common divisor of v and a?
4
Let r = -411 - -420. Suppose -35*q + 2470 = -r*q. Calculate the highest common divisor of q and 19.
19
Let u be 2/10 + (-38)/(-10). Let h(c) = 14*c + 9. Let p be h(u). Suppose -4*g + 32 + 72 = 0. What is the highest common divisor of g and p?
13
Let n = 30009 - 29030. What is the highest common divisor of n and 2848?
89
Suppose p = -10*p. Suppose 48 = 2*u + f, p*f + 110 = 5*u + 5*f. What is the highest common divisor of u and 52?
26
Suppose -40 - 26 = -k. Suppose k = 3*f - f. Let u = -19591 + 19613. Calculate the greatest common divisor of f and u.
11
Let g = -116 + 126. Suppose 52 = 2*l - 2*k, l + 5*k = 2*l - 10. Calculate the greatest common divisor of g and l.
10
Let w = -217 + 378. Let u(p) = p**3 + 8*p**2 - p + 7. Let d be u(-7). Suppose -d = -7*l + w. What is the greatest common divisor of l and 16?
16
Suppose 8 = 3*q - 2*f, 45*f = 5*q + 47*f - 8. Suppose 9*p - 1508 = -4*p. What is the greatest common factor of p and q?
2
Let c = -2872 + 2992. What is the highest common divisor of 5190 and c?
30
Suppose -12 + 2 = -2*z. Suppose -128 = 165*m - 623. What is the highest common divisor of z and m?
1
Let w(l) = -l**3 + 27*l**2 - 28*l + 62. Let r be w(26). Suppose -48*p + 49*p = 10. Calculate the highest common divisor of p and r.
10
Let y be 1459 + 8 - ((-2 - -3) + -8). What is the highest common factor of 1 and y?
1
Let r(y) = 2 - 2*y**3 - 6*y**2 - 10*y + 3 + 5 - 4. Let v be r(-5). What is the greatest common divisor of 13 and v?
13
Let f be ((-40)/(-4))/(4/(-26)). Let z = -65 - f. Suppose z = 2*i + 3 - 11. What is the greatest common factor of i and 2?
2
Let b = 404 + -244. Let d be (-3)/(-6)*(-2 + 2). Suppose d = 5*l - 25 - 295. Calculate the highest common divisor of l and b.
32
Suppose -5*j + 25 = 0, -v = 3*j - j - 593. Let y(x) = 362*x + 10913. Let l be y(-30). Calculate the highest common divisor of v and l.
53
Suppose -b - 708 = y, y + 3*b - 136 = -854. Let h = y - -709. Calculate the highest common divisor of h and 1086.
6
Let f(t) = -t**2 + 1690*t - 20135. Let k be f(12). Let r be (1 + -1 + 1)*11. Calculate the highest common factor of k and r.
1
Let b = 2 + -124. Let a = b + 224. Suppose -80 = -4*y + i + a, 5*i = -4*y + 170. Calculate the highest common divisor of y and 5.
5
Let n(u) = -u**3 + 75*u**2 + 493*u + 141. Let m be n(81). Calculate the greatest common divisor of 156 and m.
12
Let y = 348 + -208. Let u = 7 + y. Suppose -146*k - 10 = -u*k. Calculate the greatest common factor of 10 and k.
10
Suppose 2 = -2*d + 24. Let a(c) = -c**2 - 9*c - 19. Let t be ((-103)/(-309))/((-1)/15). Let g be a(t). What is the highest common divisor of d and g?
1
Let y be (-585)/(-52) - (-2)/(-8). Let c(n) = 5*n**2 + 35*n + 312. Let b be c(-8). Calculate the highest common divisor of b and y.
11
Let x = -8544 - -9578. What is the greatest common divisor of 4 and x?
2
Suppose 4*r - 92 = x, 4*r + 3*x - 5*x = 88. Let n(d) = -d**3 + 3*d**2 + 12*d - 17. Let u be n(4). Calculate the highest common factor of u and r.
3
Let z(x) = -10 - 10*x - 64*x**2 + 36 + 63*x**2. Let c be z(-11). Calculate the highest common factor of c and 75.
15
Let k(n) = -137*n - 4. Let g = 24 + -25. Let u be k(g). What is the greatest common factor of 38 and u?
19
Suppose -4*w - g + 329 = -523, -3*w + 639 = 5*g. Calculate the greatest common factor of w and 426.
213
Suppose 5*x + 2690 = 2*a, -120*a - 1330 = -121*a - 5*x. Calculate the greatest common divisor of a and 160.
20
Let a be 10/(-25)*40/(-4). Suppose 7256 - 2056 = 52*o. Calculate the highest common factor of a and o.
4
Let c(n) = -2*n**3 + 70*n**2 + 7*n + 81. Let s be c(35). Let g = 333 - s. Calculate the greatest common divisor of g and 14.
7
Let t = 2468 + -549. What is the greatest common factor of t and 19?
19
Let o = 2039 - 1399. Suppose 4*i - 2470 = -5*l, -5*l + 1790 = -4*i - o. What is the highest common divisor of 140 and l?
70
Let v = -52 + 317. What is the greatest common divisor of v and 159?
53
Let h(x) = -5*x**3 + 57*x**2 - 67*x - 22. Let w be h(10). Calculate the greatest common divisor of 8152 and w.
8
Let s(v) be the first derivative of 9*v**4/4 + 2*v**3/3 - v**2/2 + 2*v - 68. Let z be s(2). What is the greatest common divisor of z and 10?
10
Suppose 0 = 3*v + 11*v - 56, -466 = -3*m - v. What is the highest common factor of 484 and m?
22
Let d(v) = 28*v + 1. Let n be d(6). Let a(m) = -6985*m + 237516. Let q be a(34). What is the greatest common fac